t is the value of 26 - (-34 + 38) - 29?
-7
Calculate (-24 + 40 - 56) + (3 - -6).
-31
Calculate -47 - (-11 - 17) - 2.
-21
What is the value of 72 + (12 - (-7 + 57))?
34
What is the value of (-24 + 13 - -19) + -1?
7
What is the value of (1 - 5) + -11 + 12 - -8?
5
-11 + -2 - -14 - -8
9
Evaluate -4 - (4 - 21) - (-2 - (-7 - -11)).
19
What is -26 + 22 - (44 + -61)?
13
Calculate 4 - (-2 - (-7 - -6 - 4)) - 3.
-2
What is the value of 3 + (1 - 18) + -2?
-16
What is (-7 - (2 + (-4 - -7))) + (4 - 4)?
-12
Evaluate -7 + 11 + -13 + 9.
0
15 + 8 + 4 + -11 + -14
2
11 + (5 - 6 - 3) - 6
1
What is 7 - (-1 + (18 - 13))?
3
What is the value of -2 + ((-5 - -2) + 7 - 9 - -1)?
-6
What is 21 + ((9 - -1) + (-73 - -51) - -4)?
13
-18 - (-4 - ((-1 - -14) + 5))
4
What is (-1 + -9 - (-18 + 26)) + -1 + 4?
-15
Evaluate -134 + 130 - (5 - 37).
28
Calculate 1 - -25 - (-953 + 984).
-5
Calculate 102 - 45 - 84 - (-1 + 11).
-37
What is the value of -2 - -4 - -5 - -8 - (-10 - -11)?
14
Evaluate (2 - -5) + (33 - 25) + 0 + 1.
16
Calculate -20 - -27 - 6 - (4 + 8).
-11
6 + -9 + 4 + -3 + -2
-4
What is 6 - 17 - -19 - 9?
-1
Evaluate -14 + (28 - -21) + -8.
27
Calculate 0 + 0 + -1 - (16 + -3 + -2).
-12
Calculate (1 - -2 - 41) + -12 + 12.
-38
What is -17 + ((14 - 8) + 0 - 5)?
-16
What is the value of 12 + 15 + (3 - 9) + -3 + -1?
17
Evaluate -32 + -17 + 18 - -15.
-16
What is the value of 0 + -15 + 3 + 0 - (24 + -25)?
-11
Calculate 6 - (-5 + 13) - (-13 + -13).
24
What is the value of -20 + 23 - (9 + 6)?
-12
What is 8 + -1 + -6 - 8 - 4?
-11
Evaluate 5 - ((16 - 2) + -8 + 0).
-1
Evaluate 36 + -9 + 3 + -1 + -4 + -5.
20
What is the value of -66 - -69 - (-6 - 7)?
16
Calculate 13 - (-10 - -7 - -3 - -23).
-10
What is the value of 6 + -1 + (9 - 7) - 4?
3
Evaluate (-17 - -33) + (-5 - -4) + -10.
5
What is (15 - 6) + 3 + -25 + -2?
-15
What is 3 + (4 - ((4 - 2 - 6) + 1))?
10
What is the value of -28 + 9 + (11 - 23 - 0) + -1?
-32
Evaluate (1 + 12 - (-145 - -149)) + -8.
1
Calculate -10 + 4 + (-6 + 1 - -2).
-9
What is the value of -2 - (-2 + 2) - (-385 - -389)?
-6
What is the value of 1 - (-4 - -7) - -6 - -2?
6
What is -17 + (-19 - (12 + -57)) - (10 + 2)?
-3
Evaluate 5 - 7 - (12 - (-1 - -14)).
-1
What is 11 + -7 + -8 + -3 + (3 - 5)?
-9
Evaluate (2 - (10 + 15)) + 19.
-4
Calculate 0 - (-7 + (6 - (-4 - -4))).
1
20 + -30 + 1 + 25
16
Evaluate 3 + -13 + -3 + -2 + 2 + 5.
-8
What is -12 + 10 + 12 + -8?
2
What is (13 - -4 - 27) + (-20 - -3)?
-27
What is the value of 20 - 23 - (-7 + 5 + -4)?
3
What is the value of -42 + 37 + 1 + -12 + 3?
-13
What is the value of 10 + 0 + 3 + (-23 - -16)?
6
What is the value of (-13 - -12) + -5 + 2?
-4
What is 10 - (4 + (4 - -15)) - 4?
-17
What is the value of (85 - 80) + 6 + -4 + -3?
4
Calculate 25 + 8 + 4 + (-9 - 9).
19
(-4 - 1) + 27 + -16 + 5 + -5
6
What is the value of -7 + -21 + 8 - (-14 - -2)?
-8
Evaluate (-5 + (3 - 12) - -8) + -4 + 2.
-8
What is (-7 - 1) + 10 + 8?
10
What is the value of (-4 - -9) + -5 - 2 - -9?
7
What is -1 + (17 - (9 + 1)) + -8?
-2
What is -28 + 6 + (9 - (46 - 29))?
-30
Evaluate (6 + -13 - -19) + (16 - 11).
17
What is (-12 + 5 + 1 - -16) + (-14 - -9)?
5
Calculate 25 + -27 - 40 - (0 + -3 + -1).
-38
(-3 - -21) + -5 + -1 + -3
9
Calculate -2 + (0 - (-10 - (14 + 3))) - 0.
25
10 + 3 + -5 + (8 - 1)
15
What is the value of 2 + -4 + 0 + -10?
-12
What is the value of -8 + -6 - (10 + -16)?
-8
(41 - 41) + (-4 - 2) + 5
-1
Evaluate 2 + 8 - (16 + (19 - 26)).
1
(5 - (8 + (-14 - 0))) + -7 + 0
4
(-54 - -50) + (-2 - 0) + (10 - 42)
-38
What is (1 - (2 + -5)) + 2 - (-69 + 79)?
-4
Evaluate (24 + -20 - (0 + 9)) + -9 + 3.
-11
Evaluate -17 - (-1 - (-19 - -39)).
4
-23 - 1 - (-8 + 8 - (10 - 7))
-21
15 + 0 - (65 - 30 - 31)
11
Calculate -6 + (-7 - -2) + 12 + 3 + -3.
1
Calculate 50 - -6 - (-11 + 25) - 10.
32
(-15 - (40 - 66)) + 0 + 6
17
Evaluate -1 + 9 - (-15 + 23 + -25 + 24).
1
Evaluate -5 - ((-6 - -4) + -8 + -4 + -2).
11
What is 9 - -3 - (15 - 6)?
3
Evaluate (12 - (-10 - (-10 - -6))) + -27.
-9
Evaluate (1 + 1 - 0 - (-86 + 116)) + 7.
-21
Calculate 10 + (8 + 11 + -36 - 7).
-14
7 + (-15 - -27 - 25)
-6
What is -9 - -1 - (153 + -153)?
-8
What is the value of 22 + 1 + (9 - (-8 - -29)) - -5?
16
Calculate -5 + -1 - ((1 - 4) + -2 + -12).
11
(3 - 0) + -6 - (32 - (-28 - -44))
-19
What is the value of 5 + (-10 - -2) - -17 - 6?
8
Calculate 3 + (23 - 9) + -15 + 2.
4
What is (-2 + 9 - 3) + (10 - 12) + -8?
-6
12 + (12 - (-1 + 14)) + -20
-9
What is 1 - ((5 - (-4 - 12)) + 9 + -14)?
-15
Calculate -14 + (38 - (0 - -12)) - -12.
24
What is 5 + -8 + (-16 - -25)?
6
-2 + 0 - (6 - (4 + -8 + 7))
-5
What is the value of (-2 - -1) + 6 - (13 - (-15 + 35))?
12
Calculate (20 - (-24 + 10)) + (-3 - (-2 - -2)).
31
What is (-1 - ((-6 - -6) + -10)) + 2?
11
Calculate (14 + -25 - -27) + -10 + 1.
7
What is the value of (49 + -59 - (2 + 1)) + (-3 - -6)?
-10
-5 + 16 + -26 - -27
12
Calculate (-28 + 31 - 6) + -2 + 10 + 2.
7
13 - (-5 + (5 - -6)) - 5 - -12
14
Calculate 11 + 2 + (165 - 163 - (1 + -1)).
15
What is the value of (-4 - (-1 + 8)) + (-24 + 3 - 0)?
-32
What is the value of -3 + (11 - (-5 - (6 - 13))) + 1?
7
What is 59 + -34 + 46 + -54?
17
What is the value of 7 + ((4 - (11 + -3)) + 5 - 2)?
6
26 - (6 + 12 + 19)
-11
Evaluate -14 + (-1 + 8 - -11).
4
What is 26 + -13 + (17 - 7) + (-1 - 1)?
21
What is the value of 3 + 5 - (13 - (-2 - -17))?
10
What is the value of 3 - (1 - -2 - 2) - (25 + -21)?
-2
Calculate (-2 - 4) + -1 + 9.
2
-45 - (-19 + (28 - 35))
-19
What is -22 + (-5 - -16) + (40 - (-2 - 2))?
33
0 + (-22 - -12) + 25 - -5
20
What is 11 + (-5 - ((-1 - (-14 + 6)) + -16))?
15
What is the value of -55 + 54 - (13 + -1 + -1 + 1)?
-13
Calculate 26 + -21 + 17 - 5.
17
18 + (3 - -5) + (-2 - 0) + -3
21
Calculate -2 - (-16 + (18 - 16)).
12
-4 + 1 + -1 - (-18 + 12 + 4)
-2
-3 - (6 - (-3 + 12) - 2) - 6
-4
What is (40 - 27 - 31) + -10?
-28
Calculate 36 - 11 - (58 + -45).
12
-3 - (-23 - -6 - -21)
-7
Evaluate 2 - -4 - (-1 + -5 + (-19 - -18)).
13
-9 + 10 + -7 - 3
-9
Calculate -5 + -11 + 7 - -10.
1
-4 + -38 + 43 - (1 + -19)
19
Calculate -1 + 11 + (5 - 4) + -1 + 0.
10
Evaluate 4 - (-61 - -71 - (-2 - 0)).
-8
What is (14 + -16 + 1 + 2 - -1) + -11?
-9
Evaluate (-7 - 1 - 1) + 6 + 3 + -6.
-6
What is 3 + -19 + (-8 - (8 - 20))?
-12
Calculate 0 + -13 - (-8 - (-32 + 30)).
-7
Evaluate 7 - (-11 + 2 + 32).
-16
What is the value of (6 - (-1 - 0)) + (12 - (5 + 22))?
-8
Evaluate -12 + (9 - 16) + 12 + 12.
5
Calculate 0 + -4 + (4 - -5) + -15 - -1.
-9
Calculate -21 + 15 + (16 - 0).
10
-33 + 5 + 10 + 12 - (19 + -1)
-24
Calculate (0 - (-17 - -9)) + -3.
5
What is the value of 118 + -125 - (6 - -1) - 3?
-17
What is (0 - 8) + -1 + -16 + -21 + 33?
-13
What is 20 + (-29 - -4) + -8?
-13
-62 - -6 - (-14 - 21)
-21
Evaluate -18 - ((-30 - 3) + 19).
-4
18 - (3 - (9 - 10))
14
What is 1 + -7 + 9 + 1 + -12 + 5?
-3
Calculate (-29 - -20) + (-1 + 0 + 8 - -36).
34
Evaluate -5 + (12 - (-15 - -20)).
2
-6 + -12 + (82 - 91)
-27
What is the value of -8 + 0 - (131 + -131)?
-8
Evaluate -1 - (-1 - 2) - (2896 + -2901).
7
What is the value of -271 + 258 + (0 - (-2 + 3))?
-14
Calculate -33 + (-1 - -16) + 39.
21
Calculate 3 - (0 + 2) - (-1 - (-2 - -1)).
1
28 - ((-6 - 2) + (-3 - (5 + -9)))
35
(0 - 1) + 4 - 1 - (-54 + 69)
-13
What is (0 - ((-4 - -16) + -17)) + 12?
17
What is (-69 - -8) + (-213 - -260)?
-14
What is the value of -16 + (2 - 1 - (13 + (13 - 24)))?
-17
Calculate (3 - 11) + -107 + 110 + (-4 - -8).
-1
What is the value of (-13 - (14 + -28)) + 10 + -5 + 6?
12
What is -3 + 4 + -5 + -20 + -27 + 28?
-23
Calculate 10 - (15 - 5) - -21 - 1 - -2.
22
What is the value of 14 + 16 + -33 - -8?
5
3 + 16 + -9 - -4
14
(-51 - (4 + -36)) + 13
-6
0 - 3 - 8 - (173 - 191)
7
Calculate -13 + -28 + (8 - -12 - 5).
-26
0 - 8 - (4 + 8 + -13 + -8)
1
Calculate -9 - (-8 - (1 + 4 + -4)).
0
What is the value of (-1 - -2 - (-1 + -2)) + -216 + 212?
0
What is (16 - (7 - -2) - 2) + -10?
-5
-5 + -32 - -63 - (3 - (3 - 5))
21
Calculate (16 - 40) + 4 - -7.
-13
Evaluate (75 - 60) + (2 + -5 - (1 - 1)).
12
Evaluate 2 - (-6 + (3 - 4) + 8).
1
Evaluate -1076 + 1055 - (-26 - -1).
4
What is -15 - (-32 - -17) - 15?
-15
What is 3 + -10 + (14 - (-7 + 16))?
-2
What is 4 + -7 + 17 + -18 - -11?
7
-14 - (-12 + (11 - (8 - 4)))
-9
Evaluate 0 + 21 - (-20 + 5 + 15 - -4).
17
What is the value of (3 - -1) + (-2 - (-14 + 7) - 34)?
-25
Evaluate 5 